r of d and 289.
17
Suppose -4*u + 16 = 2*n, -3*n - 4*u + 21 = u. Suppose -3*s - 1 = 11. Let z = 8 + s. What is the highest common divisor of z and n?
2
Let o = 6 - 1. Let b be ((-20)/25)/((-1)/o). Suppose 38 = 5*h - b*z, 2*z = 5*h - z - 36. Calculate the greatest common factor of h and 12.
6
Let q be (-16)/(-2)*(-54)/(-24). What is the highest common divisor of q and 90?
18
Let v(n) = 22*n**2 - 3*n - 3. Let h be v(-2). Let f = 352 - h. Calculate the greatest common factor of f and 29.
29
Let s be (10/(-3))/(4/(-12)). Calculate the highest common divisor of s and 90.
10
Let p = -258 - -179. Let u = p + 123. Calculate the greatest common divisor of 22 and u.
22
Suppose -5*q - 10 = -60. Suppose z - 2 = -4*f - z, -5*z + 5 = -5*f. Suppose y - 4*y + 15 = f. Calculate the highest common factor of q and y.
5
Let x(a) = a**3 + 3*a**2 - 7*a - 6. Let c be x(-4). Calculate the greatest common divisor of 12 and c.
6
Let a = -10 - -16. Let g be (252/35)/((-3)/(-10)). Calculate the highest common factor of g and a.
6
Let i be (-6)/(-4)*52/6. Let f = i + -1. What is the greatest common divisor of f and 48?
12
Let u(z) = 0*z - 3*z**2 + 1 - 3*z + 4*z**2. Let d be u(5). Let y = -199 - -320. What is the greatest common factor of d and y?
11
Suppose -21 = 4*w - x, -2*w + 0*x = -2*x + 6. Let h(j) = -2*j + 1. Let a be h(w). What is the greatest common factor of a and 13?
13
Let f = 9 + -3. Suppose -3 + f = r. Let y be (-4)/6 - 184/(-6). Calculate the highest common divisor of y and r.
3
Let j be 1*(3 + 11 + 2). Let z be (j/(-12))/((-1)/15). What is the greatest common divisor of z and 50?
10
Suppose 3*n + n = -s + 80, -3*n + 4*s = -41. What is the greatest common factor of 76 and n?
19
Suppose 8*r = 3*r. Suppose 2*k + r - 26 = 0. Suppose 5*x - 325 = 5*n, 3*n = 3*x - 2*x - 65. Calculate the highest common factor of x and k.
13
Suppose 3*l - 8 = 4. Suppose 42 = l*s - 10. Suppose 3*m + 4*x = 312, m = -4*x + 27 + 77. What is the greatest common factor of s and m?
13
Suppose 2*s + 2*s = -4*p + 8, 2*s + 4*p = 12. Let j be s/7 - 20/28. Let x be j/(-3) + 24/9. Calculate the highest common factor of x and 12.
3
Let q be (-3)/(-1)*(-13)/(-3). Suppose 2*f - 47 = 5. Calculate the highest common divisor of q and f.
13
Let a(i) = -29*i**3 - i. Let m be a(-1). Let v be m/9*36/20. What is the highest common divisor of 6 and v?
6
Let y(s) = s**2 - 2*s - 7. Let h be y(-5). Suppose -5*f + 0*f - 60 = -3*d, -2*d + 36 = -3*f. Let t = h + f. What is the highest common divisor of t and 96?
16
Let f(r) be the second derivative of r**4/12 - r**3/3 + 3*r**2/2 - r. Let m be f(3). Calculate the highest common divisor of m and 3.
3
Let w(p) = -9*p**3 + p**2 + p + 1. Let u be w(-1). What is the highest common divisor of u and 2?
2
Let l(i) = i**2 - 1. Let b be l(8). Suppose -6 = -2*c + 4*t, -4*c - 8*t - 12 = -4*t. Let a be 6 - ((-1)/c + -2). What is the highest common divisor of a and b?
7
Let j = -32 - -74. Calculate the highest common divisor of j and 105.
21
Let m(t) = t**2 + 5*t + 6. Let q be m(-4). Suppose 0 = 2*l + q*h - 32, -4*h - 20 = -2*l - 0*l. What is the greatest common divisor of 7 and l?
7
Let r = -1 + 6. Suppose 0 = -r*h + v + 27, -5*h = 5*v - 0*v - 15. Suppose -4*k + 34 = t - 5, -2*t - h*k = -69. Calculate the highest common factor of 9 and t.
9
Suppose 0*l + 5*l = 50. Let o be 36/10 - (-4)/l. What is the greatest common factor of o and 2?
2
Suppose 3*u - 4*u - 23 = x, u - 2*x + 8 = 0. Let r = u + 35. Calculate the highest common factor of r and 170.
17
Suppose 2*r = -r + 21. Let z = r - 0. Calculate the greatest common factor of z and 28.
7
Suppose 0 = -3*k + 3*c + 69, 3*k = -2*c - 21 + 110. Suppose -w - 3*g = g - 3, g - 6 = -2*w. Calculate the highest common factor of k and w.
3
Let g(r) = -r**2 - 4*r + 4. Let a be g(-5). Let v = a - -5. Let n be (24/v)/(6/8). Calculate the greatest common divisor of n and 20.
4
Suppose 4*m - 2 = 6. Suppose m*i + 6 = 2*y + 4*i, 3*i = y - 3. Suppose o = 7 + y. Calculate the highest common divisor of o and 70.
10
Suppose -3*x - 16 + 1 = 0. Let i be (2 + -3)*(x + 0). Let n = -3 - -13. What is the greatest common divisor of n and i?
5
Let b(g) = 2*g**2 + 5*g + 5. Let r be b(-4). Calculate the greatest common factor of 17 and r.
17
Let g = 9 + -5. Suppose -3*d = -g*d + 5. Suppose -l - 3*z = -64 - 23, d*z + 365 = 4*l. Calculate the highest common factor of 36 and l.
18
Suppose 2 = z - 14. What is the greatest common factor of z and 24?
8
Let r = 39 + -7. Suppose 4*m + r = 6*m. Calculate the greatest common divisor of m and 32.
16
Suppose 5*p - 29 = 11. Let z(j) = -j + 16. Let f be z(p). Calculate the highest common divisor of f and 12.
4
Let j be 0 + (-2 - (-1 + -2)). What is the greatest common divisor of j and 6?
1
Let h(b) = 8*b + 2. Let p be h(5). Let j(m) = m**2 - 2*m - 7. Let n be j(9). Suppose -2*o = -6*o + n. Calculate the greatest common divisor of p and o.
14
Suppose -2*i + 506 = 9*i. Calculate the highest common divisor of i and 115.
23
Let j = 55 - 120. Let g = j + 93. Let u be (-2)/(-6) - (-250)/6. Calculate the highest common divisor of g and u.
14
Suppose 0 = -5*m + 4*f + 6 + 39, 3*m - 3*f = 30. Let h(r) = r**2 - r - 7. Let s be h(m). Calculate the highest common divisor of s and 39.
13
Let n = 11 + -4. What is the highest common factor of n and 35?
7
Suppose s - 3 = 4*y + 8, -5*s - y = -118. Let m be ((-5)/10)/(2/(-184)). What is the highest common divisor of s and m?
23
Suppose 7*m - 2*m = 3*i - 285, 0 = 3*i + 5*m - 315. Suppose 5*q - 7 = 23. Let o be (-10 - 2)/(q/(-20)). Calculate the greatest common divisor of o and i.
20
Suppose v - 28 = -v. Calculate the highest common factor of 21 and v.
7
Suppose 3*l - a + 4*a = 66, -5*a = -10. What is the highest common divisor of l and 160?
20
Let d be (-2)/(-4) + (-54)/(-12). Suppose -3*t - t + d*x = 7, 5*x = t + 13. What is the highest common divisor of 5 and t?
1
Let x be 2164/18 - (-2)/(-9). Let l(i) = 8*i + 7. Let r be l(1). Calculate the highest common divisor of x and r.
15
Let x = 15 + 75. Let y be (x/(-27))/(2/(-6)). What is the highest common factor of 30 and y?
10
Let w = 39 + -26. Let y = 5 + w. What is the highest common factor of 12 and y?
6
Let g = 15 + -7. Let l(n) = -n**3 - n**2 + n + 4. Suppose 2*c + c = -2*u + 3, 4 = -2*u + 4*c. Let q be l(u). What is the greatest common factor of q and g?
4
Let d(i) = -i**3 + 8*i**2 - 3*i - 6. Let w be d(7). Let x = w - 8. Let y be (84/(-8))/(2/(-4)). What is the greatest common factor of y and x?
7
Let x(n) = -n + 30. Let j be x(0). Let h = 18 - -162. Calculate the highest common divisor of j and h.
30
Let g be (2/(-2) - -27) + (1 - -3). What is the greatest common divisor of g and 18?
6
Let m = -17 + 18. Let o be 22/6 + m/3. What is the greatest common factor of o and 32?
4
Suppose 4*j = 58 + 2. Calculate the greatest common factor of 45 and j.
15
Suppose -4*v = -9*v + 10. Calculate the highest common factor of 10 and v.
2
Suppose -54 = -5*y + 311. Suppose 0*r - 4*r + 56 = -2*t, 5*r - t - y = 0. Suppose 5*m + 17 = 2*i - 2, r = -5*m. What is the highest common factor of 2 and i?
2
Suppose 0 = 2*r - 3*r - 2. Let u = r + 12. Suppose h - 15 = a, 5*h - 2*h + 3*a - 75 = 0. Calculate the highest common factor of u and h.
10
Suppose 8*t - 10*t = -2*f - 82, 213 = 5*t - 3*f. Calculate the highest common factor of 15 and t.
15
Let q = -34 + 41. Let k = 75 + -33. What is the highest common factor of k and q?
7
Let t(l) = 41*l**2 - l + 2. Let f be t(1). Let x be 57/2 - (-3)/(-6). What is the highest common factor of x and f?
14
Let j = 0 + 6. Suppose 2*q - 4*k - 4 = 0, -j*k - 2 = -q - k. What is the greatest common divisor of 14 and q?
2
Let f(g) = -2*g**2 + 17*g. Let h be f(5). What is the highest common factor of h and 5?
5
Let j be 6 - ((-4)/(-4) + -2). Calculate the highest common factor of 14 and j.
7
Let i be 16/24*(1 + 38). Calculate the greatest common divisor of 39 and i.
13
Let p(b) = -b**3 + 5*b**2 - 6*b + 3. Let g be p(3). Calculate the highest common divisor of g and 27.
3
Let w(l) = 6*l - 6. Let q be w(7). Calculate the highest common factor of 9 and q.
9
Let u(y) = -y**2 + 10*y - 5. Let w be u(4). What is the highest common factor of 209 and w?
19
Suppose 0 = 3*w + 2*p - 282, 0 = -10*p + 8*p. Calculate the highest common divisor of